d(-1). Suppose k = 4*n - 11237. Is n prime?
True
Let p = 13115 + 1413. Let w be (-16)/56 + p/(-14). Is w*(14/4)/(-7) a composite number?
True
Let o(k) = -753*k**2 - k + 9. Suppose -4*r + 24 = -4*l, 0 = 4*r - 0*l - l - 18. Let z be o(r). Let m = -8538 - z. Is m a prime number?
False
Suppose -545*w + 264*w + 21290626 = -267*w. Is w composite?
False
Let c = -1244 + 2785. Suppose 4675 = -3*u - c. Let l = -1101 - u. Is l prime?
True
Let h = -7 + -17. Let v = 23 + h. Is ((-2256)/(-18) - v)/((-1)/(-3)) a composite number?
False
Let v = -157 + 157. Suppose -s = -v*s - 1087. Is s composite?
False
Suppose 3*p - 4*a - 5 = -2, 5*a - 20 = -p. Suppose p*h + 0*l = -4*l + 27, -5*l + 21 = 2*h. Suppose 316 = h*m + m. Is m a composite number?
False
Suppose -3*s - 24 = -g, 231*g - 230*g = 5*s + 36. Let m(d) = 9*d - 7 + 0 + d. Is m(g) prime?
True
Suppose -17632 = -2*f + 3*w, -113*w + 35216 = 4*f - 111*w. Is f a composite number?
False
Let c = 185 + -98. Let s = 98 - c. Suppose -s*l = -7*l - 6628. Is l prime?
True
Let c be (-192)/(-32) - 363/(-1). Let z = 750 - c. Is z a prime number?
False
Let f be (-1 + -1 - -5)*(-26)/(-6). Suppose -6*j = -2*z - j + f, 4*z = 2*j + 18. Is (-6952)/(-4) - z - -1 prime?
False
Let l(f) = 521*f + 5. Suppose 2 = 3*b - 2*b. Suppose -p - x + 3 = -2*p, -4*x + 14 = -b*p. Is l(p) composite?
True
Suppose 5*j + 95 = 110, 5*o = -4*j + 212017. Is o prime?
False
Let z = 167 - 119. Let h = z - 101. Is ((-12)/6)/(1/h) prime?
False
Let t(w) = -4*w**2 + w + 3. Let v be t(-4). Let a = v - -63. Is 5264 - (9 + -4 + a) a composite number?
False
Suppose -4*d = -23 - 9. Let n be (-64092)/(-9) + d/12. Let k = n - 4969. Is k prime?
True
Let t = -43 + 46. Suppose -t*r = 2*h - 1175, -3*h - 4*r = -3*r - 1759. Let u = -375 + h. Is u a composite number?
False
Let z = 885 - 883. Suppose -5*u + 0*c - 5*c = -25, -1 = 3*u - 5*c. Suppose -u*q = -4*f + 192, f - 31 = 7*q - z*q. Is f a composite number?
True
Let x(h) = 33*h**3 - 3*h**2 + 12*h - 7. Let u(v) = -33*v**3 + 2*v**2 - 9*v + 3. Let d(s) = -3*u(s) - 2*x(s). Suppose g - 3*g = -8. Is d(g) composite?
False
Suppose 9 = 6*p + 3. Let b be (65766/8 - p) + 3/12. Is (-3)/(-15) - b/(-25) a prime number?
False
Suppose -i + 9*m + 1002925 = 0, i - 130795 - 872186 = -5*m. Is i a composite number?
True
Let v(t) = -12*t**2 + 36*t + 2. Let x be v(2). Is ((-6)/9)/(x/(-70239)) composite?
False
Let k be 4*(-3)/15 - (-378)/(-15). Let o(n) = -129*n - 89. Is o(k) a prime number?
False
Let g(b) = -2*b + 42. Let s be g(17). Suppose -s*d + 9 = 817. Let c = 65 - d. Is c prime?
False
Let c(y) = 1794*y**2 - 188*y - 1375. Is c(-7) composite?
True
Suppose 2*h + 6*h - 88 = 0. Let v(n) = 33*n**2 + 2*n + 3. Let s be v(h). Is (-14)/63 + s/18 composite?
False
Suppose -10*f = -6*f. Suppose f = 6*k - 26071 - 15317. Is k a prime number?
False
Suppose -114 + 84 = 5*p, -2*p - 313751 = -x. Is x composite?
False
Suppose -250872 = -10656*g + 10648*g. Is g a composite number?
True
Let j(s) = 357*s + 40. Let u = 212 - 193. Is j(u) a prime number?
True
Suppose 0 = -2*j + 3*g + 291199, 14*j = 13*j + 4*g + 145597. Is j prime?
True
Suppose -14596543 = -23*j + 4578810. Is j a composite number?
False
Suppose 474*x = 174*x + 107922900. Is x prime?
False
Suppose -3*s = 71*u - 70*u - 9015, -2*s - 2*u + 6002 = 0. Is s a prime number?
False
Let j = 2 - 3. Let p be (-1 + 0)*j*(553 + 4). Suppose 2*h + p - 4179 = 0. Is h a composite number?
False
Suppose 0 = -2*o - 24 + 14. Let b(k) = -26*k**3 - 7*k**2 - 15*k + 5. Is b(o) composite?
True
Suppose i - 10 = -2*i + 4*m, -3*i + 5 = m. Suppose -3*w = i*c - 6660, -410 + 11510 = 5*w - c. Let o = 4067 - w. Is o composite?
False
Let z = 370 - 360. Suppose z*v - 7*v = 2139. Is v a prime number?
False
Suppose -34*i - 10744218 + 1199302 = -110*i. Is i composite?
False
Let w = 210 + -190. Is (-23605)/(-20)*w/5 a composite number?
False
Suppose 134*f - 10979803 = -198*f + 4739401. Is f prime?
False
Suppose 59895443 + 116387312 = -1259*r + 1314*r. Is r a composite number?
False
Let r be 136/32 + (-10)/8. Suppose 3*u + 11 = 4*u. Is u/33*2543*r composite?
False
Is (36/10 + (5 - 9))*-2705 composite?
True
Let s = -496 - -496. Suppose -5*l + 2*y + 6263 = s, 5*y = 2*l + 10*y - 2511. Is l a composite number?
True
Let b be -3 + (-1)/1 + 89 + -95. Let w(q) = 25*q**2 - 25*q - 121. Is w(b) prime?
False
Let r = -29 + 30. Let a be -4 + r/(1/2). Is (a - -1)/((-1)/1693) a composite number?
False
Suppose -2*n = j - 280, -5*j + 6*j - 556 = -4*n. Is (n/(-12) + 10)/((-2)/4652) a composite number?
True
Suppose -29*w = 8*w - 8247942 - 3822161. Is w a prime number?
True
Suppose -3*m = -4*m - 4*m + 90445. Is m composite?
False
Let k = 7247 + -5061. Let z be (-3 + 0 + 6)*-283. Let t = z + k. Is t a prime number?
False
Suppose -44*p + 39*p + 2*l = -1550851, -l + 930504 = 3*p. Is p a composite number?
False
Let j(c) = -3*c - 17. Let l be j(-7). Suppose -l*v = 2*b + v - 225, 3*b - v = 312. Let x = 250 - b. Is x composite?
True
Let a = 139 - 134. Suppose -3*n - a*t + 4*t = 44, -5*t - 25 = 0. Is (662/(-8))/(n/572) a composite number?
True
Suppose 0 = 2*h + 3*h + 5*t + 55, 0 = 2*t. Let l = h + 13. Is (555 + 1 - l) + -3 a prime number?
False
Suppose 0 = -2*y - 11*y + 26. Suppose 0 = -m + y*r + 1509, -4*m + 3*r + 2457 = -3589. Is m prime?
False
Let w be 0/((8/(-12) - 0)*-3). Suppose 8817 = 3*d - m, -3*d - 3*m + 8817 = -w*m. Is d a prime number?
True
Let u(m) = -m**3 + 7*m**2 + 18*m + 16. Let x be u(9). Suppose -2*p - x + 12 = 0. Is (569/4 - -3) + p/8 a prime number?
False
Suppose -2*s + 36963 = -29*s. Let k = 4340 + s. Is k a prime number?
True
Is ((-24)/42)/(-4) + 987160/7 prime?
True
Let a be 137847/(-9) - 0 - (-2)/6. Let t be ((a/5)/(-7))/(1/5). Suppose 543 = -5*p + t. Is p prime?
False
Let t(f) = 872*f**3 + 4*f - 3. Let c be t(2). Suppose 52440 = 1992*n - 1980*n. Let y = c - n. Is y composite?
True
Let q be 0 + 68957 - -4*(5 - 4). Suppose 24*c - 319209 = -q. Is c prime?
True
Let b = 39 - 37. Let a be -6*b/(-24)*(6 - 0). Suppose 2*h = -a*h + 935. Is h composite?
True
Suppose -c + j = -51284, 3*c + 4*j - 5*j = 153850. Is c a prime number?
True
Suppose -36*b = -37*b - 1, 2*y = -4*b + 15418. Let c = 11217 - y. Is c a prime number?
False
Let c = -367 + 377. Is 2*c/(-15)*30717/(-12) composite?
False
Suppose -2*c + 1830966 = 2*j, 9*c + 915459 = j + 4*c. Is j a prime number?
True
Let f(k) = 6*k**2 + 5*k - 4. Let i be f(9). Let r(b) = -b**3 - 2*b - 190. Let q be r(0). Let n = q + i. Is n prime?
True
Let b(a) = -23712*a - 841. Is b(-14) a composite number?
False
Suppose k - 5*z - 506 = 0, z = -k + 5*z + 507. Let j = k + -927. Let c = j - -811. Is c a prime number?
False
Let k = -49933 - -85764. Is k composite?
False
Suppose 774*y - 6140974 = 676*y. Is y composite?
True
Let j be ((-10)/20)/((-1)/(-778)). Let m = -204 - j. Is m a composite number?
True
Let j(w) = 2517*w**2 + 176*w - 908. Is j(5) a composite number?
False
Suppose -219231 = -9*u - 4*i, -3*i + 67947 + 29489 = 4*u. Is u a prime number?
True
Let x(g) = -2*g**2 - 6*g - 4. Let p be x(-3). Let f be 0 - p - (-12 - -46). Is (8/f)/(4/(-1070))*3 a composite number?
True
Suppose 4*d - 1317720 = -4*j + 1400568, -4*d = j - 2718309. Is d a prime number?
False
Let h(y) = -4536*y + 1159. Is h(-17) a prime number?
False
Is -3 - ((-3)/(-8) + (-38494418)/304) composite?
True
Let x(p) = -8*p + 77. Let j be x(8). Let a(l) = l**3 - 3*l**2 - 28*l + 71. Is a(j) a prime number?
False
Let g be (2 - 1)/((-4)/(-8)). Suppose 2*n = -j - 0*n + 5, 3*j - 4*n + 15 = 0. Is 312 - (-1 + 0/j + g) a composite number?
False
Let p(c) = -2*c - 7. Let u be p(-5). Suppose 0 = -3*m + n + 86, 0*m - 2*n + 80 = u*m. Is 4/(-6)*21/m*-4946 a prime number?
True
Suppose -10*j = -28*j - 162. Let c(m) = 12*m**2 - 9*m + 26. Is c(j) a composite number?
True
Suppose 2*y - 2*c - c - 151871 = 0, -379646 = -5*y - 3*c. Is y prime?
True
Let r(w) = 5*w + 50. Let n be r(-10). Suppose p - 55 + 21 = n. Is p prime?
False
Let b(i) = 27488*i**2 - 27*i + 92. Is b(3) a prime number?
False
Let p(v) = -12*v - 4. Let h be p(-4). Let k = 38 - h. Is 12273/6*k/9*-3 composite?
False
Suppose 344*r - 343*r = -x + 107434, 14 = -2*r. Is x a composite number?
False
Let z(n) = -n**2 - 8*n + 87. Let u be z(6). Suppose 65359 = 5*j - s, -u*s + 12 = -6*s. Is j a prime number?
False
Let j be -1 